{"id":1316,"date":"2025-01-17T21:09:35","date_gmt":"2025-01-17T20:09:35","guid":{"rendered":"https:\/\/fpma-nantes.org\/?page_id=1316"},"modified":"2026-04-24T09:52:34","modified_gmt":"2026-04-24T07:52:34","slug":"accueil","status":"publish","type":"page","link":"https:\/\/fpma-nantes.org\/","title":{"rendered":"Bienvenue !"},"content":{"rendered":"\n<hr class=\"wp-block-separator has-alpha-channel-opacity\"\/>\n\n\n\n<h6 class=\"wp-block-heading\"><strong>Prochain Culte<\/strong> : Dimanche 26 Avril 2026 \u00e0 15:45 <br>Lev\u00e9e de fonds pour la chorale ANL en vue de leur participation au Ch\u0153ur Uni 2026 <br>15 bis place Edouard Normand<br>44000 Nantes<\/h6>\n\n\n\n<p><strong>Formation SAP \/ KNPL<\/strong><br><a href=\"https:\/\/zoom.us\/j\/94522275371\">Mercredi 29 avril 2026 20:00 \u00e0 21:00 par Zoom<\/a><br>ou<br>Par t\u00e9l\u00e9phone : +33.1.7037.2246<br>L&rsquo;identifiant de la r\u00e9union : 945 2227 5371#<\/p>\n\n\n\n<figure class=\"wp-block-image size-full is-resized\"><a href=\"https:\/\/zoom.us\/j\/94522275371\" rel=\"https:\/\/zoom.us\/j\/94522275371\"><img loading=\"lazy\" decoding=\"async\" width=\"660\" height=\"908\" src=\"https:\/\/fpma-nantes.org\/wp-content\/uploads\/2026\/03\/SAP_KNPL_20260318.png\" alt=\"\" class=\"wp-image-2248\" style=\"aspect-ratio:0.707006182787822;width:478px;height:auto\"\/><\/a><\/figure>\n\n\n\n<p><strong>Fiobonam-bavaka FPMA Nantes <\/strong>: Alakamisy 30 aprily 2026 amin&rsquo;ny 21:00 (Telefaonina)<\/p>\n\n\n\n<p><\/p>\n\n\n\n<hr class=\"wp-block-separator has-alpha-channel-opacity\"\/>\n\n\n\n<h2 class=\"wp-block-heading\">Les derni\u00e8res nouvelles<\/h2>\n\n\n<ul class=\"wp-block-latest-posts__list is-grid columns-2 has-dates has-author wp-block-latest-posts\"><li><a class=\"wp-block-latest-posts__post-title\" href=\"https:\/\/fpma-nantes.org\/?p=1443\">Perikopa 2026<\/a><div class=\"wp-block-latest-posts__post-author\">par FPMA Nantes<\/div><time datetime=\"2026-01-04T02:17:13+01:00\" class=\"wp-block-latest-posts__post-date\">4 janvier 2026<\/time><div class=\"wp-block-latest-posts__post-excerpt\"><\/div><\/li>\n<li><a class=\"wp-block-latest-posts__post-title\" href=\"https:\/\/fpma-nantes.org\/?p=2125\">No\u00ebl 2025<\/a><div class=\"wp-block-latest-posts__post-author\">par FPMA Nantes<\/div><time datetime=\"2025-12-28T00:55:49+01:00\" class=\"wp-block-latest-posts__post-date\">28 d\u00e9cembre 2025<\/time><div class=\"wp-block-latest-posts__post-excerpt\">Chers tous, C\u2019est avec joie que nous vous partageons notre \u00e9dito de No\u00ebl 2025 : \u00ab Quand Joseph se r\u00e9veilla, il fit ce que l\u2019ange du Seigneur lui avait ordonn\u00e9. \u00bb(\u00c9vangile selon saint Matthieu 1, 24a) \u00ab Le juste vivra par la foi. \u00bb(Lettre aux Romains 1, 17 ; cf. Habacuc 2, 4) Que la &#8230; <a title=\"No\u00ebl 2025\" class=\"read-more\" href=\"https:\/\/fpma-nantes.org\/?p=2125\" aria-label=\"En savoir plus sur No\u00ebl 2025\">Lire la suite<\/a><\/div><\/li>\n<\/ul>\n\n\n<p class=\"has-text-align-center\"><strong>T\u00e9l\u00e9charger gratuitement l&rsquo;application Eglise FPMA<\/strong><\/p>\n\n\n<div class=\"wp-block-image\">\n<figure class=\"aligncenter size-full is-resized\"><a href=\"https:\/\/apps.apple.com\/fr\/app\/fpma-france\/id1524317704\"><img loading=\"lazy\" decoding=\"async\" width=\"250\" height=\"79\" src=\"https:\/\/fpma-nantes.org\/wp-content\/uploads\/2025\/02\/Badge_App_Store.jpg\" alt=\"\" class=\"wp-image-1486\" style=\"width:183px;height:auto\"\/><\/a><\/figure>\n<\/div>\n\n<div class=\"wp-block-image\">\n<figure class=\"aligncenter size-full is-resized\"><a href=\"https:\/\/play.google.com\/store\/apps\/details?id=ovh.applinadi.www.android5e42871ac2ed8&amp;pcampaignid=web_share\"><img loading=\"lazy\" decoding=\"async\" width=\"267\" height=\"79\" src=\"https:\/\/fpma-nantes.org\/wp-content\/uploads\/2025\/02\/Badge_Play_Store.png\" alt=\"\" class=\"wp-image-1488\" style=\"width:186px;height:auto\"\/><\/a><\/figure>\n<\/div>\n\n\n<p><\/p>\n","protected":false},"excerpt":{"rendered":"<p>Prochain Culte : Dimanche 26 Avril 2026 \u00e0 15:45 Lev\u00e9e de fonds pour la chorale ANL en vue de leur participation au Ch\u0153ur Uni 2026 15 bis place Edouard Normand44000 Nantes Formation SAP \/ KNPLMercredi 29 avril 2026 20:00 \u00e0 21:00 par ZoomouPar t\u00e9l\u00e9phone : +33.1.7037.2246L&rsquo;identifiant de la r\u00e9union : 945 2227 5371# Fiobonam-bavaka FPMA &#8230; <a title=\"Bienvenue !\" class=\"read-more\" href=\"https:\/\/fpma-nantes.org\/\" aria-label=\"En savoir plus sur Bienvenue !\">Lire la suite<\/a><\/p>\n","protected":false},"author":1,"featured_media":0,"parent":0,"menu_order":0,"comment_status":"closed","ping_status":"closed","template":"","meta":{"h5ap_radio_sources":[],"iawp_total_views":894,"_vp_format_video_url":"","_vp_image_focal_point":[],"footnotes":""},"class_list":["post-1316","page","type-page","status-publish"],"_links":{"self":[{"href":"https:\/\/fpma-nantes.org\/index.php?rest_route=\/wp\/v2\/pages\/1316","targetHints":{"allow":["GET"]}}],"collection":[{"href":"https:\/\/fpma-nantes.org\/index.php?rest_route=\/wp\/v2\/pages"}],"about":[{"href":"https:\/\/fpma-nantes.org\/index.php?rest_route=\/wp\/v2\/types\/page"}],"author":[{"embeddable":true,"href":"https:\/\/fpma-nantes.org\/index.php?rest_route=\/wp\/v2\/users\/1"}],"replies":[{"embeddable":true,"href":"https:\/\/fpma-nantes.org\/index.php?rest_route=%2Fwp%2Fv2%2Fcomments&post=1316"}],"version-history":[{"count":101,"href":"https:\/\/fpma-nantes.org\/index.php?rest_route=\/wp\/v2\/pages\/1316\/revisions"}],"predecessor-version":[{"id":2277,"href":"https:\/\/fpma-nantes.org\/index.php?rest_route=\/wp\/v2\/pages\/1316\/revisions\/2277"}],"wp:attachment":[{"href":"https:\/\/fpma-nantes.org\/index.php?rest_route=%2Fwp%2Fv2%2Fmedia&parent=1316"}],"curies":[{"name":"wp","href":"https:\/\/api.w.org\/{rel}","templated":true}]}}

<hr class="wp-block-separator has-alpha-channel-opacity"/>



<h6 class="wp-block-heading"><strong>Prochain Culte</strong> : Dimanche 26 Avril 2026 à 15:45 <br>Levée de fonds pour la chorale ANL en vue de leur participation au Chœur Uni 2026 <br>15 bis place Edouard Normand<br>44000 Nantes</h6>



<p><strong>Formation SAP / KNPL</strong><br><a href="https://zoom.us/j/94522275371">Mercredi 29 avril 2026 20:00 à 21:00 par Zoom</a><br>ou<br>Par téléphone : +33.1.7037.2246<br>L&rsquo;identifiant de la réunion : 945 2227 5371#</p>



<figure class="wp-block-image size-full is-resized"><a href="https://zoom.us/j/94522275371" rel="https://zoom.us/j/94522275371"><img loading="lazy" decoding="async" width="660" height="908" src="https://fpma-nantes.org/wp-content/uploads/2026/03/SAP_KNPL_20260318.png" alt="" class="wp-image-2248" style="aspect-ratio:0.707006182787822;width:478px;height:auto"/></a></figure>



<p><strong>Fiobonam-bavaka FPMA Nantes </strong>: Alakamisy 30 aprily 2026 amin&rsquo;ny 21:00 (Telefaonina)</p>



<p></p>



<hr class="wp-block-separator has-alpha-channel-opacity"/>



<h2 class="wp-block-heading">Les dernières nouvelles</h2>


<ul class="wp-block-latest-posts__list is-grid columns-2 has-dates has-author wp-block-latest-posts"><li><a class="wp-block-latest-posts__post-title" href="https://fpma-nantes.org/?p=1443">Perikopa 2026</a><div class="wp-block-latest-posts__post-author">par FPMA Nantes</div><time datetime="2026-01-04T02:17:13+01:00" class="wp-block-latest-posts__post-date">4 janvier 2026</time><div class="wp-block-latest-posts__post-excerpt"></div></li>
<li><a class="wp-block-latest-posts__post-title" href="https://fpma-nantes.org/?p=2125">Noël 2025</a><div class="wp-block-latest-posts__post-author">par FPMA Nantes</div><time datetime="2025-12-28T00:55:49+01:00" class="wp-block-latest-posts__post-date">28 décembre 2025</time><div class="wp-block-latest-posts__post-excerpt">Chers tous, C’est avec joie que nous vous partageons notre édito de Noël 2025 : « Quand Joseph se réveilla, il fit ce que l’ange du Seigneur lui avait ordonné. »(Évangile selon saint Matthieu 1, 24a) « Le juste vivra par la foi. »(Lettre aux Romains 1, 17 ; cf. Habacuc 2, 4) Que la &#8230; <a title="Noël 2025" class="read-more" href="https://fpma-nantes.org/?p=2125" aria-label="En savoir plus sur Noël 2025">Lire la suite</a></div></li>
</ul>


<p class="has-text-align-center"><strong>Télécharger gratuitement l&rsquo;application Eglise FPMA</strong></p>


<div class="wp-block-image">
<figure class="aligncenter size-full is-resized"><a href="https://apps.apple.com/fr/app/fpma-france/id1524317704"><img loading="lazy" decoding="async" width="250" height="79" src="https://fpma-nantes.org/wp-content/uploads/2025/02/Badge_App_Store.jpg" alt="" class="wp-image-1486" style="width:183px;height:auto"/></a></figure>
</div>

<div class="wp-block-image">
<figure class="aligncenter size-full is-resized"><a href="https://play.google.com/store/apps/details?id=ovh.applinadi.www.android5e42871ac2ed8&amp;pcampaignid=web_share"><img loading="lazy" decoding="async" width="267" height="79" src="https://fpma-nantes.org/wp-content/uploads/2025/02/Badge_Play_Store.png" alt="" class="wp-image-1488" style="width:186px;height:auto"/></a></figure>
</div>


<p></p>

<p>Prochain Culte : Dimanche 26 Avril 2026 à 15:45 Levée de fonds pour la chorale ANL en vue de leur participation au Chœur Uni 2026 15 bis place Edouard Normand44000 Nantes Formation SAP / KNPLMercredi 29 avril 2026 20:00 à 21:00 par ZoomouPar téléphone : +33.1.7037.2246L&rsquo;identifiant de la réunion : 945 2227 5371# Fiobonam-bavaka FPMA &#8230; <a title="Bienvenue !" class="read-more" href="https://fpma-nantes.org/" aria-label="En savoir plus sur Bienvenue !">Lire la suite</a></p>
